mmon divisor of a and 12?
12
Suppose -33 = 4*n - 117. Calculate the highest common divisor of 168 and n.
21
Suppose -9 = 4*x - 33. Calculate the greatest common factor of x and 66.
6
Let v be 0/(3/(0 + -3)). Suppose q = -v*q. Suppose q*g + g = 17. Calculate the highest common factor of 68 and g.
17
Suppose 5*k + 1 - 31 = 0. Suppose -2*x + x - 56 = -3*z, -5*x - 200 = z. Let a = 107 + x. What is the highest common factor of k and a?
6
Suppose -11*z + 54 + 67 = 0. What is the highest common factor of 11 and z?
11
Let k(n) = n**2 - 8*n + 15. Let f be ((-77)/(-14))/(2/4). Let u be k(f). Let z be 2*1/1*6. Calculate the highest common divisor of z and u.
12
Suppose b - 2 = -0. Suppose 4*u - 5 = 67. What is the highest common divisor of u and b?
2
Suppose -2*d - n = -4*n - 15, -2 = 2*n. Suppose -2*m = -d*m + 84. Suppose -2*h - h + m = 0. What is the highest common divisor of 21 and h?
7
Suppose 412 = 4*g - 2*g - 4*j, 2*j - 1054 = -5*g. Calculate the highest common divisor of g and 30.
30
Suppose 87 = 6*w + 9. Let b = 27 - 14. Calculate the highest common factor of b and w.
13
Let s be (-4)/((-4)/7) + 1. Let a = -6 + s. What is the highest common factor of 6 and a?
2
Let h be 22/((-28)/(-8) + -3). Calculate the highest common divisor of h and 4.
4
Suppose -1 = -t, 4 + 9 = l - 3*t. Let w(b) = -b**2 - 5*b + 2. Let k be (-2)/((-5)/((-50)/4)). Let f be w(k). Calculate the highest common factor of f and l.
2
Let b(i) = i**3 - i**2 - i + 1. Let g be b(0). Suppose d - 9 = -2*t, d - t + g = -2. Suppose 3*p = -d + 4. Calculate the greatest common factor of p and 2.
1
Suppose 0 = 2*y - 4*y - 8. Let s be (-3)/5 - 174/(-15). Let l = y + s. Calculate the highest common divisor of 1 and l.
1
Let i be 4/(-12) + 38/6. Suppose -3*j = 3*s - i, -4*j + 2*s = s - 18. Suppose n + 19 = 5*l, -n + 2*n = 1. What is the highest common divisor of j and l?
4
Suppose 42*h = 36*h + 816. Calculate the highest common factor of h and 34.
34
Let t(u) = u**2 - 15*u - 8. Suppose -7 = -5*f + 58. Let n be t(f). Let q = 48 + n. Calculate the highest common divisor of q and 98.
14
Let d be 1*11 - (11 + -9). Suppose -k - 4*i - d = -1, 4*k - 38 = -2*i. Calculate the greatest common factor of 30 and k.
6
Let f be -6*2/4*-2. Let p = 6 + -13. Let z = -4 - p. What is the greatest common factor of f and z?
3
Suppose 5*k = 3*k + 16. What is the highest common divisor of k and 64?
8
Let c = -23 - -41. Let o(w) = -w**3 - 14*w**2 - 30*w - 70. Let u be o(-12). Calculate the highest common divisor of u and c.
2
Suppose 2*k - 3 = 3*i - 14, 3*k + 17 = 5*i. Suppose 11 = 2*b + 7. Calculate the greatest common divisor of i and b.
1
Suppose 76 = -3*x - 59. Let r be (-4)/(-18) - 710/x. Calculate the greatest common factor of 144 and r.
16
Suppose 4*r + 44 = 2*z, 0 = 5*z + r - 4*r - 96. Let y be ((-4)/3)/(1/54). Let q = y + 216. Calculate the highest common divisor of z and q.
18
Let y = -6 - -7. Let n be (-2 - y) + 2 + 97. Suppose l - 4*x + n = 4*l, 3*x = 0. Calculate the greatest common divisor of 48 and l.
16
Suppose -18 = -r + 21. What is the greatest common divisor of 26 and r?
13
Let w = -87 + 159. What is the greatest common divisor of w and 8?
8
Let y(v) = -49*v + 7. Let l be y(-3). Calculate the highest common divisor of 14 and l.
14
Let c be 574/35 - 4/10. What is the greatest common factor of 144 and c?
16
Let w be (-860)/18 + (-2)/9. Suppose 0*u + 5*u = 450. Let t = w + u. Calculate the highest common factor of t and 7.
7
Suppose 2*k - 3*k + 154 = 0. Suppose -3*s = k - 409. Let i = 25 - 8. Calculate the greatest common divisor of i and s.
17
Suppose -4*t = t - 190. Let h(o) = -o**2 + 3*o. Let l be h(3). Suppose -313 = 5*x - 4*k - 808, -k - 5 = l. What is the highest common divisor of x and t?
19
Let x(c) = -5 + 5*c**2 + c**2 + 2 - c**3. Let j be x(4). Suppose -3*h + j = -43. Calculate the highest common factor of 16 and h.
8
Suppose 0*b - 28 = 4*b. Let j = -9 - b. Let c = j + 5. Calculate the greatest common factor of c and 15.
3
Let s(b) = 3*b**2 - 31*b - 21. Let f be s(11). What is the highest common divisor of 4 and f?
1
Let h = 92 - 48. Let s be (-99)/18*4/(-2). Calculate the greatest common divisor of h and s.
11
Suppose -20 = -2*o - 2*o. Suppose p - o*p = -336. Let r(k) = 12*k**3 + k - 1. Let d be r(1). What is the greatest common factor of d and p?
12
Suppose o = -y + 7, -3*y = -3*o + 8 + 19. Let t = -78 + 86. What is the greatest common factor of o and t?
8
Suppose 3*i + 4*g = -g + 27, -7 = -i - g. Suppose -4 = i*p - 2*p. Let w be 1*(18 + (-1 - p)). What is the highest common divisor of w and 19?
19
Suppose -2*b = 3*q - 61, -4*b - 14 = 2*q - 4*q. What is the highest common factor of q and 34?
17
Let z be 7/35 - 398/(-10). Let o(i) = -5*i. Let r be o(-2). Calculate the greatest common divisor of z and r.
10
Let u be (-192)/(-5)*(-20)/(-6). Suppose -5*m = 4*y - 102 - u, -m + 55 = -y. Calculate the greatest common divisor of m and 20.
10
Suppose 0*l = -5*l + 55. Suppose 15*d - 72 = l*d. Calculate the highest common divisor of 54 and d.
18
Let f be -4 - (2 - 6) - 12. Let s be 262/6 - 16/f. Calculate the highest common factor of s and 15.
15
Let h be -3 + -4*20/(-16). Suppose 9 = -0*f + f + h*r, 2*r = 3*f - 35. Calculate the greatest common factor of f and 44.
11
Suppose 5*m - 175 = 285. Suppose -4*j + 7*g + 188 = 2*g, -2*j = -2*g - m. What is the highest common factor of j and 28?
14
Let j(l) = 6*l**2 + l - 2. Let q be j(-2). Let r(u) = u + 6. Let o be r(-8). Let h be (-1)/(o/10) - -3. Calculate the greatest common factor of q and h.
4
Let d = -10 + 18. What is the highest common divisor of d and 8?
8
Let j be (8/(-10))/((-8)/260). Let p be 65/(-2)*1*-2. Calculate the highest common factor of j and p.
13
Let y(c) = -c**2 - 14*c - 10. Let t be y(-14). Let m(u) = u**2 + 2*u - 8. Let o be m(t). Calculate the greatest common divisor of o and 8.
8
Let a(x) = x**2 + 9*x + 8. Let l be a(-8). Let d be (-10)/(l + (-3)/12). Let h = -3 + 19. Calculate the highest common factor of d and h.
8
Suppose -10 = l - 3*l. Suppose b + b = m - l, 3*m = 4*b + 15. Suppose b*k - 3*k + 48 = 0. Calculate the greatest common factor of 16 and k.
16
Let r(t) = t**3 - 8*t**2 - 9*t - 2. Let k be r(9). Let j = k - -14. Calculate the highest common divisor of j and 6.
6
Let j = -8 + 13. Calculate the highest common divisor of 5 and j.
5
Suppose -4*j + 5*j = 18. Calculate the highest common factor of 198 and j.
18
Let c = -2 - -7. Suppose c*t - 7 = 3. Suppose -4*u + t*u - 4*w = -2, -w - 17 = -3*u. What is the highest common divisor of u and 40?
5
Suppose -5*z + 1 = -14. Suppose -z*m - 2*m + 30 = 0. What is the greatest common factor of 30 and m?
6
Let k(a) = -a**3 + a**2 + 3*a - 11. Let n be k(-4). What is the greatest common divisor of 456 and n?
57
Let k be 3/(2*(-2)/16). Let n = k + 29. Calculate the highest common divisor of 68 and n.
17
Suppose 4*j - 72 = -7*l + 3*l, 0 = -4*j + 4*l + 40. Calculate the greatest common divisor of 35 and j.
7
Suppose 0*c - c + 6 = 0. Let i(l) = 2*l - 6. Let f be i(c). Suppose 3*n + 0 = 18. What is the highest common divisor of f and n?
6
Suppose 7*w - 61 = 8*w. Let j = w - -115. What is the greatest common factor of j and 81?
27
Suppose 3*m + 2*r = 4*m - 22, -68 = -5*m - 4*r. Suppose -2*o + 8 = -0*o, -j = 5*o - 60. What is the highest common factor of j and m?
8
Suppose 4*o - 3*o = -1, 2*s - 5*o - 47 = 0. Let u = -4 - -11. What is the highest common factor of u and s?
7
Let o be 5/(4 + 12/(-8)). Let h be 210/8 + o/(-8). What is the greatest common divisor of h and 208?
26
Let z = -43 - -50. Calculate the greatest common factor of 56 and z.
7
Let v be (-1 - 1 - -4) + -5. Let p(t) = 2*t**2 - t. Let y be p(v). What is the greatest common factor of 3 and y?
3
Suppose 0 = 4*y - 3*d - 0 - 12, 3 = y + 2*d. Suppose 3*u = k - 0*u + 35, y*k + 4*u + 66 = 0. Let g = -17 - k. Calculate the greatest common factor of 27 and g.
9
Let u = 19 + -22. Let x(o) = -9*o - 7. Let q be x(u). Suppose -3*d - d = -80. Calculate the highest common divisor of d and q.
20
Suppose 0 = 5*k - 2*x - 14, -10 = -4*k + 3*x - 3. What is the greatest common factor of 44 and k?
4
Let o be 2/((1/6)/1). Calculate the greatest common divisor of o and 30.
6
Let c(v) = 2*v - 6. Let s be c(5). Let q be s/(-6) + 170/3. Let u = -35 + 42. C